me number?
False
Is 15709 a composite number?
True
Is 201881 composite?
False
Is 1166521 composite?
True
Is 31579 prime?
False
Is 209 a composite number?
True
Is 933 a composite number?
True
Is 28463 composite?
False
Is 526993 prime?
True
Is 5045 prime?
False
Is 12531 a composite number?
True
Is 11945 a composite number?
True
Is 7433 composite?
False
Is 22657 a prime number?
False
Is 4297 prime?
True
Is 44015 prime?
False
Is 219499 composite?
True
Is 1985453 a prime number?
True
Is 35023 a composite number?
False
Is 20489 composite?
True
Is 14669 a composite number?
False
Is 18617 prime?
True
Is 53479 a composite number?
False
Is 487029 composite?
True
Is 40343 prime?
True
Is 443357 a prime number?
False
Is 221177 a composite number?
True
Is 9923 a composite number?
False
Is 199951 a prime number?
False
Is 19697 composite?
False
Is 256639 composite?
False
Is 58117 prime?
False
Is 3641357 composite?
False
Is 3957 prime?
False
Is 7901 composite?
False
Is 812297 composite?
False
Is 87071 prime?
True
Is 190979 prime?
True
Is 10334 prime?
False
Is 7279 a prime number?
False
Is 36197 a composite number?
True
Is 69313 a prime number?
True
Is 553933 a prime number?
True
Is 21118 a prime number?
False
Is 43235 a prime number?
False
Is 415973 a prime number?
False
Is 1107721 prime?
True
Is 72337 a composite number?
False
Is 820409 a composite number?
False
Is 184993 prime?
True
Is 167951 a composite number?
True
Is 307243 prime?
True
Is 8419 composite?
False
Is 15545 composite?
True
Is 156535 prime?
False
Is 31627 composite?
False
Is 48647 prime?
True
Is 2427 a composite number?
True
Is 737 a prime number?
False
Is 4189 a composite number?
True
Is 1120389 composite?
True
Is 724909 composite?
True
Is 1904987 a composite number?
True
Is 5767 a composite number?
True
Is 3251 prime?
True
Is 6353 a prime number?
True
Is 1574 composite?
True
Is 669013 prime?
False
Is 12197 prime?
True
Is 3659 composite?
False
Is 19553 a prime number?
True
Is 4201 prime?
True
Is 76903 composite?
True
Is 726613 a composite number?
True
Is 11863 a composite number?
False
Is 25295 composite?
True
Is 11579 a prime number?
True
Is 281771 a prime number?
False
Is 141051 composite?
True
Is 96061 composite?
True
Is 11653 prime?
False
Is 2047 prime?
False
Is 604687 a composite number?
True
Is 27859 a prime number?
False
Is 1007603 a prime number?
False
Is 52489 composite?
False
Is 300017 a composite number?
False
Is 187 a prime number?
False
Is 68891 a prime number?
True
Is 933301 composite?
False
Is 61853 prime?
False
Is 272863 a prime number?
True
Is 12074 composite?
True
Is 121421 composite?
False
Is 161519 a prime number?
False
Is 23117 a composite number?
False
Is 3646 a prime number?
False
Is 1129367 prime?
True
Is 11651 prime?
False
Is 46199 a prime number?
True
Is 1249799 prime?
True
Is 85787 a prime number?
False
Is 43853 prime?
True
Is 1043 a composite number?
True
Is 46913 composite?
True
Is 872159 a composite number?
False
Is 7103 a composite number?
False
Is 407057 a composite number?
True
Is 59833 prime?
True
Is 1649 composite?
True
Is 1933726 prime?
False
Is 4471 a prime number?
False
Is 298153 prime?
True
Is 15091 prime?
True
Is 6007 a composite number?
False
Is 154727 a prime number?
True
Is 18947 prime?
True
Is 789 prime?
False
Is 4327 composite?
False
Is 4861 a composite number?
False
Is 74441 a composite number?
False
Is 4583 prime?
True
Is 355909 a prime number?
True
Is 5099 composite?
False
Is 648187 a composite number?
True
Is 24613 a prime number?
False
Is 7331 a composite number?
False
Is 11351 composite?
False
Is 389 a prime number?
True
Is 21381 a composite number?
True
Is 26989 a composite number?
True
Is 27533 composite?
True
Is 882397 a composite number?
True
Is 177883 a composite number?
False
Is 430393 a composite number?
False
Is 459863 a composite number?
True
Is 145031 a composite number?
False
Is 87823 a composite number?
True
Is 89429 a prime number?
False
Is 7121 a prime number?
True
Is 2569 prime?
False
Is 10294 a composite number?
True
Is 402623 composite?
True
Is 161 a prime number?
False
Is 12439 a composite number?
True
Is 431791 composite?
True
Is 6297 a composite number?
True
Is 102369 a prime number?
False
Is 3793 a composite number?
False
Is 513299 composite?
True
Is 11541 prime?
False
Is 16739 a composite number?
True
Is 445 prime?
False
Is 27046 a prime number?
False
Is 11507 a prime number?
False
Is 405179 a prime number?
True
Is 14243 a prime number?
True
Is 2065153 a composite number?
False
Is 269317 a prime number?
True
Is 44839 prime?
True
Is 218377 a prime number?
False
Is 278477 a prime number?
False
Is 5639 composite?
False
Is 901 composite?
True
Is 115523 prime?
True
Is 5627 a composite number?
True
Is 112093 composite?
True
Is 188927 a composite number?
False
Is 239937 composite?
True
Is 19563 composite?
True
Is 298 prime?
False
Is 9199 prime?
True
Is 15693 prime?
False
Is 74549 prime?
False
Is 34433 a composite number?
True
Is 5953 composite?
False
Is 1191209 a composite number?
False
Is 2047037 a prime number?
True
Is 54799 composite?
False
Is 80261 a prime number?
False
Is 2785 prime?
False
Is 15053 a prime number?
True
Is 148727 prime?
True
Is 2831 prime?
False
Is 3589 a composite number?
True
Is 64131 prime?
False
Is 1012799 a prime number?
False
Is 79 composite?
False
Is 8251 a composite number?
True
Is 40666 a prime number?
False
Is 21713 composite?
False
Is 13931 prime?
True
Is 419 a composite number?
False
Is 8887 composite?
False
Is 134609 a composite number?
False
Is 123203 prime?
True
Is 1348999 composite?
True
Is 348883 prime?
True
Is 32127 a prime number?
False
Is 5351 composite?
False
Is 714587 composite?
True
Is 148747 a prime number?
True
Is 66553 a prime number?
True
Is 533449 composite?
True
Is 436873 a composite number?
True
Is 3231097 composite?
False
Is 24691 a prime number?
True
Is 236603 a prime number?
False
Is 75379 composite?
True
Is 5293 prime?
False
Is 98369 a composite number?
False
Is 4339149 prime?
False
Is 2227 prime?
False
Is 246971 a composite number?
False
Is 23603 a composite number?
False
Is 129031 a prime number?
False
Is 322519 prime?
True
Is 292015 composite?
True
Is 2153 a prime number?
True
Is 459421 composite?
False
Is 5381 composite?
False
Is 343891 a prime number?
True
Is 18299 prime?
False
Is 2599 a composite number?
True
Is 341153 composite?
True
Is 5847 a prime number?
False
Is 21419 composite?
False
Is 12371 prime?
False
Is 3611 prime?
False
Is 5143 a prime number?
False
Is 75155 a composite number?
True
Is 2051 composite?
True
Is 13043 composite?
False
Is 901 prime?
False
Is 805027 a prime number?
True
Is 27473 a composite number?
True
Is 72073 composite?
False
Is 7795 a composite number?
True
Is 84011 prime?
True
Is 203803 composite?
True
Is 1747 composite?
False
Is 71083 a composite number?
True
Is 877 a prime number?
True
Is 68759 a prime number?
False
Is 91 composite?
True
Is 17933 prime?
False
Is 7559 a composite number?
False
Is 533 a composite number?
True
Is 465361 composite?
True
Is 2609 composite?
False
Is 39667 a prime number?
True
Is 3383 prime?
False
Is 2696345 a prime number?
False
Is 20477 prime?
True
Is 7151 a composite number?
False
Is 154661 a prime number?
False
Is 49703 prime?
False
Is 175507 composite?
True
Is 293 a prime number?
True
Is 27593 a prime number?
False
Is 42041 a prime number?
False
Is 14614 prime?
False
Is 144961 a composite number?
False
Is 37031 prime?
False
Is 5567 a composite number?
True
Is 128657 a composite number?
False
Is 1807045 prime?
False
Is 4717 prime?
False
Is 1120603 a prime number?
False
Is 220481 a composite number?
True
Is 563021 a prime number?
True
Is 19661 a composite number?
False
Is 202595 a prime number?
False
Is 244163 prime?
False
Is 36677 composite?
False
Is 675251 composite?
False
Is 9733 a prime number?
True
Is 167 composite?
False
Is 1222645 a composite number?
True
Is 47693 a prime number?
False
Is 31481 prime?
True
Is 833923 a composite number?
False
Is 477173 a prime number?
False
Is 107093 prime?
False
Is 151483 a composite number?
False
Is 896347 composite?
False
Is 267879 a prime number?
False
Is 54241 a prime number?
False
Is 3403 composite?
True
Is 155391 prime?
False
Is 141529 a prime number?
True
I